late the greatest common divisor of k and z.
8
Suppose 3*z - 5*d = -0*z + 95, 5*z - 5*d = 165. Calculate the highest common factor of z and 5.
5
Let a(z) = 4*z**2 + z - 1. Let t be a(2). Let v = 3 + 65. Suppose 6*m - 4*m - v = 0. Calculate the highest common factor of m and t.
17
Let q be (-3)/(-2)*28/3. Suppose -5*a + 11 = -q. Let p(j) = -3*j + 1. Let c be p(-3). Calculate the highest common factor of a and c.
5
Let a = -41 - -95. Let d be 26 - (-3)/(-6)*-2. Suppose 2*q = -q + d. What is the highest common factor of q and a?
9
Let u be 90 - ((-5)/(-2) - 1/2). Calculate the highest common factor of 22 and u.
22
Let h be (-9 - -11) + 0 + 2. Suppose -h*c + 0*c = -4. Let z = 19 + -8. What is the greatest common divisor of z and c?
1
Let l = -23 + 44. What is the highest common divisor of l and 3?
3
Let k be ((-4)/6 - -1)/(1/9). What is the greatest common divisor of 24 and k?
3
Suppose 3*u - 119 + 35 = 0. What is the highest common factor of 112 and u?
28
Suppose 4 = -0*h + 2*h. Calculate the greatest common divisor of 2 and h.
2
Suppose -3*a + 21 = -2*n, 3*a - 4*n = 7 + 8. Let i(s) = s**3 - 8*s**2 - 7*s - 10. Let g be i(a). What is the highest common factor of 8 and g?
8
Let w(h) = h**3 + 8*h**2 + 6*h - 4. Let m be w(-6). Suppose 0 = 2*d - 36 - 60. Calculate the highest common factor of m and d.
16
Suppose -4*f - 4*o + 180 = 0, -f + 2*f - 45 = 5*o. What is the greatest common divisor of f and 18?
9
Let k(z) = z + 4. Let m be k(5). Suppose -d - 34 = -61. What is the greatest common factor of d and m?
9
Let d(y) = 25*y - 35. Let p be d(4). Calculate the highest common factor of p and 26.
13
Let m be (-6 + 12)/((-2)/(-4)). What is the highest common divisor of m and 15?
3
Let m(v) = -3*v**2 - 5*v + 6. Let q be m(4). Let i = -42 - q. Suppose -3*k = -0*k - 12. What is the highest common divisor of k and i?
4
Let t(o) = -o**3 - 2*o**2 - 5*o + 4. Let q(a) = -a**3 + 7*a**2 - 2*a + 10. Let p be q(7). Let g be t(p). What is the greatest common factor of 14 and g?
14
Let i be 0/2 + 24/12. Let d be 6 + -7 + 5*i. What is the greatest common divisor of 1 and d?
1
Let l(u) = 9*u + 3*u - 4*u. Let s be l(1). Calculate the highest common divisor of s and 64.
8
Suppose -3*s - 450 = -9*s. Calculate the highest common divisor of s and 15.
15
Suppose -i - 5 = -3. Let n(l) = -3*l**3 - l**2 + l + 2. Let u be n(i). Let j = -36 + 66. What is the highest common divisor of j and u?
10
Let t(u) = u**2 + 48. Let i be t(0). Let l be 4/8*i*2. Calculate the highest common factor of 6 and l.
6
Suppose 3*h + 310 = -2*h + 5*d, -5*h - 292 = d. Let i = h - -104. Calculate the highest common divisor of 30 and i.
15
Let m(g) = -5*g**2 + 41*g + 66. Let a(s) = -s**2 + 8*s + 13. Let c(q) = -11*a(q) + 2*m(q). Let d be c(-7). What is the highest common factor of 8 and d?
8
Let z(w) = 2*w + 6. Let m be z(-3). Suppose 3*n - 648 = -m*n. Calculate the highest common divisor of n and 27.
27
Let i(z) = -z**3 - 7*z**2 - 3*z + 3. Let r be i(-7). What is the greatest common divisor of 240 and r?
24
Let a(z) = 14*z + 9. Let l be a(9). Suppose 0 = 3*b - 17 - 28. What is the greatest common divisor of b and l?
15
Suppose -12 = -f - 4*k, -5*f - 4*k = -5*k - 39. Let v = 9 + -1. What is the greatest common divisor of v and f?
8
Suppose -121 = 3*y + y - f, -141 = 4*y - 5*f. Let g = 43 - y. Calculate the highest common factor of g and 9.
9
Suppose -5*a = -10, -4*o + 4*a + 227 = -213. What is the greatest common divisor of 14 and o?
14
Let c(m) = m - 7. Let y be c(7). Suppose y = 4*i + i - 945. Calculate the highest common factor of i and 21.
21
Let q(r) = r**2 + 2*r - 10. Let o be q(6). Calculate the greatest common divisor of 19 and o.
19
Suppose 0 = 2*k + 3*g - 137, -2*k - 2*g = -4*g - 142. Calculate the highest common divisor of 10 and k.
10
Let h = 16 - 7. What is the highest common factor of 1 and h?
1
Suppose 0 = -4*z + 8*z - 352. Let g = z - 53. What is the highest common divisor of 7 and g?
7
Let z be 1258/8 - (-9)/12. Let t = -70 + z. Calculate the highest common factor of t and 11.
11
Let y be (7 - 2)*(-4)/5. Let b be 1/2 - 442/y. Let o be -4*(-2 - b/12). What is the greatest common divisor of o and 15?
15
Let x = -21 + 40. Let d = -1 + x. What is the highest common factor of 90 and d?
18
Let u(w) = -21*w + 9. Suppose 3*i - 4*x = -0*x - 19, -2*i - 2*x - 22 = 0. Let k be u(i). What is the greatest common factor of k and 18?
18
Suppose 0 = 8*f - 5*f - 3. Calculate the highest common factor of f and 7.
1
Let u be (574/13)/1 + (-16)/104. What is the greatest common factor of 11 and u?
11
Let f(u) = -23*u**3 - u**2 + 1. Let g be f(1). Let v = g + 35. Calculate the highest common factor of v and 132.
12
Suppose 4*p - 7*p + 19 = 4*h, 3*p - 15 = 0. Let s be (18/h)/((-3)/(-2)). Calculate the greatest common factor of s and 108.
12
Let c(g) = 81*g**2 + 2*g + 1. Let d(p) = -2*p**2 + 2*p - 1. Let s be d(1). Let u be c(s). Suppose 2*a = -2*a + u. What is the highest common divisor of a and 5?
5
Let t(h) = 2*h + 7. Let o be t(-5). Let k be -1 - o - 16/(-1). Calculate the greatest common divisor of k and 36.
18
Suppose -2*v = -5*b - 8, 3*b + 0*b = 5*v - 20. Let r be 28/v + 3 + 0. What is the greatest common factor of 25 and r?
5
Suppose 51 + 15 = 6*z. What is the greatest common divisor of 22 and z?
11
Suppose 4*i = -5*g + i + 654, -2*g - 3*i + 258 = 0. Suppose -18 - g = -5*q. Calculate the highest common factor of q and 10.
10
Let m(n) = -n**3 - 7*n**2 + n + 6. Let h be m(-7). Let p be (h + 2 + 0)*65. Let z = 35 + -9. Calculate the greatest common factor of z and p.
13
Let q be 6/((-4)/((-8)/3)). Let h(t) = t**3 - 3*t**2 - 3*t. Let z be h(q). Let s be 6*z/18*3. Calculate the highest common factor of 16 and s.
4
Let j(a) = a**3 + 7*a**2 - 4*a + 6. Let i be j(-9). Let r = i + 204. What is the highest common divisor of 12 and r?
12
Let x(v) = 18*v**2 + v + 2. Let p be x(-2). Calculate the greatest common factor of p and 24.
24
Let m be 32/18 - (-4)/18. Suppose -m*g = g. Suppose g = 2*q - 0*q - 4*o - 34, -4*o = -4*q + 60. What is the highest common factor of q and 26?
13
Let q(u) = -8*u + 6. Let g be q(-13). Suppose 0 = j + 4*j - g. Calculate the highest common divisor of 22 and j.
22
Let j be (-4)/(-8) - 31/(-2). Let w = -3 - -5. Calculate the highest common divisor of w and j.
2
Let l(p) be the second derivative of -7/2*p**2 - 5/6*p**3 + 0 - 4*p - 1/20*p**5 + 2/3*p**4. Let d be l(7). What is the highest common factor of 1 and d?
1
Let z(k) = 2*k**2 + 3*k + 2. Let d be z(-2). Suppose -92 = -d*h - 20. Let p(x) = -x**2 - 5*x + 2. Let n be p(-4). What is the highest common divisor of h and n?
6
Suppose -66 = 12*p - 498. Calculate the highest common divisor of 9 and p.
9
Let m be 2 - (0 - -3 - 2)*-6. Suppose 0 = -3*n + 3*h + 192, -2*h = -n + 31 + 33. What is the greatest common factor of m and n?
8
Let z be (-6 - 3)*2/(-2). Let o = 37 - z. What is the greatest common divisor of 42 and o?
14
Let o(x) = -x**3 + 12*x**2 - 22*x - 19. Let p be o(9). What is the highest common divisor of p and 39?
13
Let l be ((-54)/(-4))/((-85)/20 + 5). What is the greatest common factor of 6 and l?
6
Let i(v) = v - 5. Suppose 2*c - 5*d = 39, -5*c + 69 = -0*c - 3*d. Let z be i(c). Calculate the highest common divisor of z and 56.
7
Suppose 0 = -n + 2*s - 10, 2*s - s = n + 8. Let w(a) = a**2 + a - 6. Let q be w(n). Calculate the highest common factor of q and 60.
12
Suppose 2*s + 10 = 14. Calculate the greatest common divisor of s and 8.
2
Suppose l = -3*r + 66 + 25, 2*r + 5*l - 39 = 0. Suppose 0 = -2*u - 2*u + r. What is the greatest common factor of 16 and u?
8
Let c = 4 + 36. Suppose -22*u - 13*u + 175 = 0. What is the greatest common divisor of u and c?
5
Let y be (-120)/(-75) - (-4)/10. Let j = -5 + 7. Suppose -2*q = m - j, 0*m + 3*m - 3*q - 33 = 0. What is the greatest common divisor of y and m?
2
Let y(k) = 8*k + 2. Let w be y(6). Calculate the highest common factor of w and 10.
10
Let a be 2*1*12/3. Suppose 30 = 2*n + 194. Let d = -10 - n. Calculate the greatest common divisor of a and d.
8
Let k be (-2 + 2 - 0) + 32. Let g be ((-4)/(-2))/(3/(-15)). Let i = -2 - g. Calculate the greatest common divisor of i and k.
8
Let c = 17 + -7. Calculate the highest common divisor of 90 and c.
10
Suppose 4*g + 33 = 3*y - 24, 5*g = -4*y + 